ative of l**6/30 - l**4/24 - l**3/6 - 19*l**2. Let m be n(-1). Is (0 + 3 + m)*-443 a composite number?
False
Let g = -16363 - -5129. Let n = g - -21711. Is n prime?
True
Let j(a) = 2*a + 1. Let r(y) = 2103*y + 3. Let d(p) = 4*j(p) + r(p). Is d(2) a prime number?
True
Let d(n) = -18*n**2 + 33*n + 37. Let m(p) = 7*p**2 - 11*p - 13. Let v(w) = 4*d(w) + 11*m(w). Let t = -24 + 43. Is v(t) composite?
True
Let w be 14 + -10 - 8/2. Let h be (18/(-42) + w)*-7. Suppose 9045 = h*f - 4*c + 7*c, -c = -4*f + 12080. Is f a composite number?
False
Let a be (-2)/4*((3 - 7) + -20). Suppose a*h = 7*h + 20. Suppose z - 2*m - 1214 = -m, z + h*m = 1214. Is z a prime number?
False
Let m be (7532770/(-147))/(4/6). Let v = 118332 + m. Is v a prime number?
True
Let t(z) be the first derivative of 19*z**3/3 - 8*z**2 + 41*z - 67. Is t(-14) composite?
False
Suppose 140471 = w - 3*a, -201*w = -205*w - 4*a + 561916. Is w a composite number?
False
Let r(b) = b**3 + 7*b**2 + 5*b - 1. Let v be r(-6). Let k be (-1 + (-22)/(-10))*v. Suppose -10*c + k*c + 308 = 0. Is c a prime number?
False
Suppose 71*r = 16*r - 14*r + 4898241. Is r composite?
True
Let d(h) = 11278*h + 1099. Is d(4) a prime number?
False
Let g = -64 - -63. Let z = 16 + g. Suppose 6935 = -z*r + 24980. Is r prime?
False
Let u(w) = 3*w**2 - 53*w - 79. Let n be u(19). Suppose -5184 = z + 3*z. Is z/(-5) + 3*n/45 prime?
False
Let a(r) = 270*r**2 + 8*r + 639. Is a(34) prime?
True
Let z(s) = s**2 + s + 1. Let r(k) = k**3 + 12*k**2 - 3*k + 16. Let h(f) = r(f) - 4*z(f). Let o be h(-10). Let w = 516 + o. Is w a composite number?
True
Suppose 4*k = -3*d + 2348650, -29*k - 3*d + 1174328 = -27*k. Is k prime?
False
Is ((-12)/(-60))/((-7)/(-1197385)) a prime number?
True
Suppose 7*q - 584481 - 41116 = 0. Is q a prime number?
True
Let a = -537 + 541. Suppose -2*h + 3032 = -a*v, 1763 = 2*h + 5*v - 1260. Is h composite?
True
Suppose -7*i + 5*i + 22487 = 3*s, -4*s + 4 = 0. Let o = i - 3111. Is o a prime number?
False
Suppose 0 = 4*a - 4*u - 17760, -5*a + 3*u + 17763 = -a. Suppose -17*o + a = -14*o. Is o a composite number?
False
Suppose -2*s + 57 = -2*m + 3*s, -20 = -4*s. Let j(u) = -69*u - 31. Is j(m) composite?
True
Is ((-484)/22 + 18)*998362/(-8) a composite number?
False
Suppose -y + 4*c + 12 = 0, -y - 4*c = -0 + 12. Suppose y = i + 3 - 350. Is i prime?
True
Let u(p) = 7*p + 28. Suppose 0 = 9*h - 19*h - 40. Let t be u(h). Suppose 5*a + 3*c - c - 15245 = 0, 5*a - 2*c - 15225 = t. Is a prime?
False
Let g = 1167590 + -486253. Is g a prime number?
True
Let v = 395652 + -258535. Is v a prime number?
True
Let p = 16149 - 9986. Suppose 0 = -3*x + s + p, -5*s = 2*x - 1634 - 2452. Is x a prime number?
True
Is -7*1 + ((-1950)/156)/((-10)/321928) a composite number?
False
Suppose 9*x = -0*x + 18. Suppose 2*h + 12 = -7*q + 3*q, 0 = -h + 3*q + 9. Suppose x*c + 0*c - n - 192 = h, -c + 106 = -3*n. Is c prime?
False
Let r(n) be the second derivative of -1897*n**3/6 - 92*n**2 + 10*n + 3. Is r(-15) a prime number?
False
Let w = -968155 + 2148564. Is w prime?
True
Let h(m) be the first derivative of -3*m**3 + 19*m**2/2 + 34*m - 17. Let x be h(-12). Let n = x - -3667. Is n composite?
True
Suppose 0 - 10 = -2*u, 3*v = -5*u + 241. Let s = v - 72. Suppose s = -4*p - 2*p + 4782. Is p a composite number?
False
Let m(o) = -4*o - 22. Let f be m(-7). Is 16/f*12/(-8) + 1218 a composite number?
True
Suppose -4*g - 4*i = -4, -5*g + 3*i + 17 = 4. Suppose 7004 = 2*f - 2*o, -g*f + 5*f - 2*o - 10510 = 0. Is f a prime number?
False
Suppose 3*z - 2881 - 2834 = 0. Let i be z + -3 + (-1 - -5). Suppose 5*b + 719 = -u + i, -b + 3*u + 231 = 0. Is b a prime number?
False
Let u(w) = w + 14. Let d be u(-14). Let x(h) = 3*h - 787. Let z(v) = -6*v + 1573. Let a(c) = -9*x(c) - 4*z(c). Is a(d) composite?
True
Suppose 12*y + 481 = 1645. Suppose 93*w + 3188 = y*w. Is w composite?
False
Let n = 1296 - 926. Suppose 12*q - n = 119594. Is q a prime number?
False
Let g = -1183608 + 2237561. Is g a composite number?
False
Let p(a) = 15*a**2 - 8*a + 7. Let h be p(-8). Suppose -3*w + 5*w + h = t, 0 = -4*t - 5*w + 4176. Is t prime?
True
Suppose 46*q + 5*v = 45*q + 572747, 3*q + v = 1718325. Is q composite?
False
Let w(z) = -33209*z + 15626. Is w(-15) a composite number?
False
Suppose 4*i + 2791 = 8923. Suppose i = 3*b + 3*q - 17823, -3*b = -q - 19376. Is b composite?
True
Let x(v) = 10*v - v**2 - 22*v + 3*v + 2*v**2 - 25. Let j be x(12). Let y(o) = o**3 - 3*o**2 - 6*o - 13. Is y(j) composite?
True
Let u(r) = 4*r**2 + 5*r + 14. Let p be u(-4). Suppose 0 = 52*t - p*t + 50466. Is t prime?
False
Suppose 196157 - 8486 = 2*n - 56611. Is n a composite number?
True
Let a(c) = 73*c**2 - 63*c - 1077. Is a(-19) a prime number?
False
Suppose -2*d = -2*c + 4*c - 22, 0 = -2*c + 4*d - 2. Suppose -c*v + 3914 = -11451. Is v a composite number?
True
Let j = -168 + 174. Is (16 + -22)*(-5557)/j prime?
True
Is (24*46/(-1656))/((-2)/560841) composite?
False
Suppose 5*h = -4*x - x + 91560, 0 = -h + 4*x + 18287. Suppose 8*v - h = 5477. Is v composite?
True
Suppose 0 = -24*p + 29*p - 49635. Suppose -p - 741 = -12*r. Is r composite?
True
Let n(x) = -2*x**3 - x**2 - 2*x - 1. Let o be n(0). Is 1 - (-8 + -241 - (o - 0)) a composite number?
True
Let a(j) = -3*j + 9. Let f be a(2). Let c(h) = -f*h + 96*h**2 + 31 + 2*h - 2*h - 24. Is c(3) a composite number?
True
Let b be 7 + -5 + 12/6. Suppose s = -b*h + 4002, -7*s + 9*s - h - 8049 = 0. Let g = s - 1453. Is g a composite number?
True
Let l be 3*3/((-45)/5). Let s be (4 - (5 + -1))*l/(-2). Suppose s = -4*p + 6*p - 5006. Is p prime?
True
Let a = 20370 - 4827. Let m = a - 4800. Is m a prime number?
False
Let q = 46003 - 25296. Is q a prime number?
True
Suppose -5 = 4*x - 13, 2*o = x + 2. Suppose -b = 3*n - o*n - 10365, n = 3*b - 31103. Is b a prime number?
False
Let k(d) = 647*d + 9. Let f be k(-4). Let s = 1223 + f. Let u = s - -2275. Is u composite?
False
Is 11 - 256/24 - 3/((-18)/64900) composite?
True
Let d be (1/(-2))/((-3)/(-30)). Suppose 42 = k - 4*u, 4*u - 49 = -3*k + 125. Is k/(-90) - 158/d a prime number?
True
Let c(s) = -18*s**3 - 7*s**2 + 7*s - 1. Let v(n) = 1 - 6*n - 5*n - 5*n + 9*n. Let o be v(1). Is c(o) a prime number?
True
Suppose g + 0*f = 3*f + 14, 5*g + 3*f = 34. Suppose 4*z - 4 = g. Suppose -2456 = -z*a + 1225. Is a composite?
True
Let b be (-16 + 18)*5*-889. Is (-4)/5 - 0 - b/50 prime?
False
Let n(t) = 1929*t**3 - 8*t**2 + 164*t - 454. Is n(5) prime?
True
Suppose -717 = -4*g + 167. Suppose l + 447 = 2*k, -k + 2*l - 4*l = -g. Suppose -k + 787 = 4*w. Is w composite?
True
Let n(t) = -t**3 - 15*t**2 - 15*t + 33. Suppose 48 = -3*l - 4*f, 3*f = -2*l - 0*f - 32. Is n(l) prime?
False
Suppose 5*a - m - 26 = 0, -4 = -4*a - 3*m + 13. Suppose 13*t + a*i + 3091 = 15*t, 5*i = -5. Is t a composite number?
False
Suppose 2*z = 4*u + 6076 + 2786, u + 4*z + 2202 = 0. Suppose 73*y = 38*y + 560. Is (-8)/y + u/(-4) prime?
False
Let x = -1013 - -3384. Suppose -4*j + 2*u + 665 + x = 0, 0 = -3*j - 5*u + 2264. Is j a prime number?
False
Let m = -81128 - -258057. Is m composite?
True
Let a = 239683 + 286900. Is a composite?
False
Let t(p) = -p**3 + 30*p**2 - 8*p + 74. Let c be t(32). Let m = c + 6929. Is m a composite number?
True
Suppose 3*v - v + 6*v = 0. Let n(p) = -p**2 + 5*p + 1589. Is n(v) composite?
True
Let h = 78 - 86. Let s(o) = 6*o**2 - 4*o - 21. Is s(h) a composite number?
True
Let d(x) = -101*x**3 - 4*x**2 - 14*x + 46. Is d(-13) a prime number?
False
Suppose -791*t = -801*t + 561950. Is t a composite number?
True
Let t(v) be the first derivative of v**4/4 - 31*v**3/3 + 45*v**2/2 - 71*v + 50. Is t(30) a prime number?
True
Let w be (1 + -349*1)/(23/23). Is ((-1784)/(-12))/(((-56)/w)/7) a prime number?
False
Let g = -21355 - -43658. Is g a prime number?
True
Let l be (-3525)/(1 + (-25)/10). Let z = l - -1443. Is z prime?
True
Let a = 81028 + -45267. Is a prime?
False
Let v = 1441 - 350. Suppose -v*y + 13974 = -1085*y. Is y a composite number?
True
Let u(v) = 7*v**3 - 8*v**2 + 4*v + 6. Let o(m) = -m + 1. Let w(d) = -2*o(d) + u(d). Suppose -3*z = 2*x - 21, 5*z - 4*x + 5 = 18. Is w(z) a prime number?
True
Let h = -22 - -32. Suppose -15*x + 13150 = -h*x. Suppose 2*f + x = 12*f. Is f a composite number?
False
Let j(g) = 17*g**2 + 2*g - 23. Suppose 5*v = 7*v - 20. Le